divisor of 602 and 56.
14
Calculate the highest common factor of 224 and 16.
16
Calculate the greatest common divisor of 3640 and 312.
104
What is the greatest common factor of 9 and 57?
3
Calculate the greatest common divisor of 104 and 18.
2
What is the greatest common factor of 3020 and 90?
10
What is the greatest common factor of 12792 and 82?
82
Calculate the highest common factor of 11475 and 10.
5
Calculate the greatest common divisor of 464 and 3828.
116
Calculate the greatest common divisor of 1155 and 945.
105
What is the greatest common factor of 352 and 20812?
44
Calculate the greatest common factor of 36 and 384.
12
Calculate the greatest common factor of 281 and 2529.
281
Calculate the highest common divisor of 338 and 26.
26
What is the greatest common factor of 30 and 1542?
6
What is the highest common factor of 20 and 545?
5
Calculate the highest common factor of 828 and 4600.
92
Calculate the highest common factor of 5978 and 122.
122
What is the highest common factor of 102 and 646?
34
Calculate the greatest common divisor of 9 and 15.
3
What is the highest common divisor of 45 and 285?
15
What is the greatest common divisor of 43 and 1591?
43
What is the highest common divisor of 22 and 176?
22
Calculate the highest common divisor of 73 and 292.
73
What is the highest common divisor of 130 and 30?
10
What is the greatest common divisor of 15570 and 90?
90
What is the highest common divisor of 3115 and 175?
35
What is the highest common divisor of 102 and 714?
102
What is the greatest common factor of 6 and 18?
6
Calculate the greatest common divisor of 493 and 459.
17
Calculate the highest common factor of 750 and 120.
30
Calculate the greatest common factor of 64 and 4768.
32
What is the greatest common factor of 3712 and 29?
29
Calculate the greatest common factor of 352 and 2024.
88
Calculate the greatest common divisor of 16 and 48.
16
What is the highest common divisor of 88 and 52?
4
What is the highest common divisor of 18 and 22?
2
What is the highest common divisor of 6560 and 369?
41
What is the greatest common factor of 15 and 9885?
15
What is the highest common divisor of 32 and 1016?
8
Calculate the highest common factor of 492 and 84.
12
What is the greatest common divisor of 19 and 589?
19
What is the greatest common factor of 4 and 1028?
4
Calculate the highest common divisor of 21676 and 4.
4
Calculate the highest common divisor of 9450 and 108.
54
Calculate the greatest common factor of 99 and 8811.
99
Calculate the greatest common divisor of 168 and 3388.
28
Calculate the greatest common divisor of 93 and 93.
93
What is the highest common divisor of 2 and 712?
2
What is the highest common factor of 684 and 72?
36
Calculate the greatest common factor of 1275 and 51.
51
Calculate the highest common divisor of 2 and 254.
2
What is the greatest common factor of 5 and 80?
5
Calculate the highest common factor of 59 and 767.
59
Calculate the highest common factor of 5 and 9395.
5
Calculate the greatest common factor of 15 and 1635.
15
What is the highest common factor of 432 and 384?
48
What is the highest common factor of 37 and 37?
37
Calculate the greatest common divisor of 13 and 7501.
13
Calculate the greatest common factor of 125 and 175.
25
What is the greatest common divisor of 585 and 325?
65
What is the highest common factor of 441 and 49?
49
Calculate the greatest common factor of 2896 and 464.
16
What is the greatest common divisor of 231 and 55?
11
Calculate the greatest common divisor of 49902 and 3.
3
What is the highest common factor of 16 and 9?
1
What is the greatest common divisor of 1505 and 35?
35
Calculate the highest common factor of 192 and 2176.
64
Calculate the greatest common factor of 1001 and 11.
11
Calculate the highest common divisor of 1424 and 32.
16
What is the greatest common divisor of 17 and 1921?
17
Calculate the highest common factor of 1179 and 1441.
131
Calculate the highest common factor of 4699 and 381.
127
What is the greatest common divisor of 64 and 288?
32
Calculate the greatest common factor of 2422 and 14.
14
What is the greatest common factor of 504 and 192?
24
What is the highest common divisor of 12 and 123?
3
Calculate the highest common divisor of 35 and 6265.
35
Calculate the highest common divisor of 105 and 45.
15
Calculate the highest common divisor of 341 and 11.
11
What is the highest common divisor of 3552 and 96?
96
Calculate the greatest common factor of 48 and 3888.
48
What is the greatest common factor of 3510 and 156?
78
What is the greatest common divisor of 920 and 40?
40
Calculate the highest common divisor of 495 and 960.
15
Calculate the highest common divisor of 9723 and 21.
21
What is the highest common divisor of 80 and 4880?
80
Calculate the highest common divisor of 6775 and 25.
25
Calculate the greatest common factor of 483 and 287.
7
Calculate the greatest common divisor of 168 and 4809.
21
Calculate the highest common divisor of 70 and 2170.
70
Calculate the highest common factor of 370 and 814.
74
Calculate the greatest common divisor of 671 and 244.
61
Calculate the greatest common divisor of 84 and 672.
84
What is the highest common factor of 560 and 448?
112
Calculate the highest common factor of 7223 and 279.
31
Calculate the highest common divisor of 14 and 7.
7
What is the greatest common factor of 325 and 52?
13
What is the greatest common factor of 112 and 126?
14
What is the greatest common factor of 6 and 30?
6
What is the greatest common divisor of 12 and 444?
12
What is the highest common factor of 160 and 110?
10
What is the highest common divisor of 60085 and 305?
305
What is the greatest common factor of 14 and 182?
14
What is the highest common factor of 30 and 50?
10
Calculate the greatest common factor of 1270 and 150.
10
What is the highest common divisor of 665 and 105?
35
What is the greatest common factor of 11109 and 21?
21
What is the highest common divisor of 32592 and 1008?
336
What is the greatest common factor of 38 and 4?
2
What is the highest common factor of 44 and 352?
44
What is the highest common divisor of 19257 and 294?
147
What is the highest common divisor of 8413 and 537?
179
What is the highest common divisor of 120 and 150?
30
Calculate the greatest common divisor of 140 and 308.
28
Calculate the highest common factor of 209 and 2563.
11
Calculate the highest common factor of 4887 and 27.
27
What is the greatest common divisor of 16 and 3600?
16
Calculate the highest common factor of 272 and 119.
17
What is the highest common factor of 84 and 1386?
42
Calculate the greatest common divisor of 171 and 646.
19
Calculate the greatest common divisor of 5797 and 2431.
187
Calculate the greatest common divisor of 3 and 159.
3
What is the greatest common divisor of 260 and 940?
20
What is the highest common divisor of 2983 and 3?
1
Calculate the highest common factor of 10600 and 450.
50
Calculate the greatest common factor of 12858 and 6.
6
Calculate the greatest common factor of 60096 and 12.
12
Calculate the highest common divisor of 41 and 902.
41
What is the greatest common factor of 45 and 63?
9
What is the greatest common factor of 210 and 13410?
30
Calculate the greatest common factor of 2365 and 43.
43
What is the highest common divisor of 3515 and 370?
185
Calculate the highest common factor of 287 and 205.
41
What is the greatest common divisor of 735 and 1645?
35
What is the highest common factor of 43092 and 38?
38
What is the greatest common factor of 31 and 279?
31
Calculate the highest common divisor of 169 and 13.
13
Calculate the highest common divisor of 640 and 120.
40
Calculate the highest common factor of 3721 and 305.
61
What is the greatest common divisor of 11 and 2189?
11
Calculate the highest common factor of 243 and 12.
3
Calculate the greatest common divisor of 192 and 36.
12
What is the greatest common divisor of 1827 and 551?
29
What is the highest common factor of 948 and 3555?
237
What is the greatest common divisor of 1452 and 8591?
121
Calculate the greatest common factor of 2145 and 253.
11
Calculate the greatest common factor of 336 and 528.
48
Calculate the greatest common factor of 23568 and 12.
12
Calculate the greatest common factor of 164 and 36.
4
Calcu